{"id":213,"date":"2020-09-09T03:05:46","date_gmt":"2020-09-09T03:05:46","guid":{"rendered":"http:\/\/edpack.com.br\/?page_id=213"},"modified":"2023-06-20T18:18:39","modified_gmt":"2023-06-20T21:18:39","slug":"home","status":"publish","type":"page","link":"https:\/\/edpack.com.br\/","title":{"rendered":"Home"},"content":{"rendered":"\n\n\n<div class=\"wp-block-cover alignfull is-light\" style=\"min-height:680px;aspect-ratio:unset;\"><span aria-hidden=\"true\" class=\"wp-block-cover__background has-ast-global-color-4-background-color has-background-dim-0 has-background-dim\"><\/span><img loading=\"lazy\" decoding=\"async\" width=\"1920\" height=\"1280\" class=\"wp-block-cover__image-background wp-image-387\" alt=\"\" src=\"http:\/\/edpack.com.br\/wp-content\/uploads\/2022\/02\/back2.2.jpg\" data-object-fit=\"cover\" srcset=\"https:\/\/edpack.com.br\/wp-content\/uploads\/2022\/02\/back2.2.jpg 1920w, https:\/\/edpack.com.br\/wp-content\/uploads\/2022\/02\/back2.2-300x200.jpg 300w, https:\/\/edpack.com.br\/wp-content\/uploads\/2022\/02\/back2.2-1024x683.jpg 1024w, https:\/\/edpack.com.br\/wp-content\/uploads\/2022\/02\/back2.2-768x512.jpg 768w, https:\/\/edpack.com.br\/wp-content\/uploads\/2022\/02\/back2.2-1536x1024.jpg 1536w\" sizes=\"auto, (max-width: 1920px) 100vw, 1920px\" \/><div class=\"wp-block-cover__inner-container is-layout-flow wp-block-cover-is-layout-flow\">\n<div class=\"wp-block-columns alignwide are-vertically-aligned-center is-layout-flex wp-container-core-columns-is-layout-9d6595d7 wp-block-columns-is-layout-flex\">\n<div class=\"wp-block-column is-vertically-aligned-center is-layout-flow wp-block-column-is-layout-flow\">\n<h2 class=\"wp-block-heading has-ast-global-color-2-color has-text-color\" id=\"about\">Sobre<\/h2>\n\n\n\n<h6 class=\"wp-block-heading has-ast-global-color-2-color has-text-color\" id=\"perfect-haircuts\">A EDPACK Premedia Solution \u00e9 uma ag\u00eancia pr\u00e9-m\u00eddia especializada no gerenciamento de embalagens, com foco em Planifica\u00e7\u00e3o, aplica\u00e7\u00e3o de normas t\u00e9cnicas, roll out e finaliza\u00e7\u00e3o.<\/h6>\n\n\n\n<h6 class=\"wp-block-heading has-ast-global-color-2-color has-text-color\" id=\"perfect-haircuts\">ESTAMOS NO MERCADO H\u00c1 MAIS DE 20 ANOS, COM UM TIME PROFISSIONAL ALTAMENTE QUALIFICADO, GARANTINDO A EXCEL\u00caNCIA NA ENTREGA DO SEU PROJETO.<\/h6>\n\n\n\n<p><\/p>\n\n\n\n<div class=\"wp-block-buttons is-layout-flex wp-block-buttons-is-layout-flex\"><\/div>\n<\/div>\n\n\n\n<div class=\"wp-block-column is-vertically-aligned-center is-layout-flow wp-block-column-is-layout-flow\"><\/div>\n<\/div>\n<\/div><\/div>\n\n\n\n\n\n<div class=\"wp-block-columns alignfull is-layout-flex wp-container-core-columns-is-layout-9d6595d7 wp-block-columns-is-layout-flex\">\n<div class=\"wp-block-column is-layout-flow wp-block-column-is-layout-flow\" style=\"flex-basis:100%\">\n<div class=\"wp-block-cover alignfull is-light\" style=\"min-height:890px;aspect-ratio:unset;\"><span aria-hidden=\"true\" class=\"wp-block-cover__background has-ast-global-color-2-background-color has-background-dim-0 has-background-dim\"><\/span><img loading=\"lazy\" decoding=\"async\" width=\"2101\" height=\"1201\" class=\"wp-block-cover__image-background wp-image-307\" alt=\"\" src=\"http:\/\/edpack.com.br\/wp-content\/uploads\/2022\/02\/Background4.jpg\" data-object-fit=\"cover\" srcset=\"https:\/\/edpack.com.br\/wp-content\/uploads\/2022\/02\/Background4.jpg 2101w, https:\/\/edpack.com.br\/wp-content\/uploads\/2022\/02\/Background4-300x171.jpg 300w, https:\/\/edpack.com.br\/wp-content\/uploads\/2022\/02\/Background4-1024x585.jpg 1024w, https:\/\/edpack.com.br\/wp-content\/uploads\/2022\/02\/Background4-768x439.jpg 768w, https:\/\/edpack.com.br\/wp-content\/uploads\/2022\/02\/Background4-1536x878.jpg 1536w, https:\/\/edpack.com.br\/wp-content\/uploads\/2022\/02\/Background4-2048x1171.jpg 2048w\" sizes=\"auto, (max-width: 2101px) 100vw, 2101px\" \/><div class=\"wp-block-cover__inner-container is-layout-flow wp-block-cover-is-layout-flow\">\n<div class=\"wp-block-columns alignwide is-layout-flex wp-container-core-columns-is-layout-9d6595d7 wp-block-columns-is-layout-flex\">\n<div class=\"wp-block-column is-vertically-aligned-center is-layout-flow wp-block-column-is-layout-flow\" style=\"flex-basis:400px\">\n<h2 class=\"wp-block-heading has-ast-global-color-6-color has-text-color\" id=\"clients\">nossa hist\u00d3ria<\/h2>\n\n\n\n<hr class=\"wp-block-separator has-text-color has-ast-global-color-6-color has-css-opacity has-ast-global-color-6-background-color has-background is-style-wide\"\/>\n\n\n\n<div class=\"wp-block-buttons is-content-justification-left is-layout-flex wp-container-core-buttons-is-layout-fdcfc74e wp-block-buttons-is-layout-flex\"><\/div>\n<\/div>\n\n\n\n<div class=\"wp-block-column is-vertically-aligned-center is-layout-flow wp-block-column-is-layout-flow\">\n<figure class=\"wp-block-image aligncenter size-large is-resized\"><img loading=\"lazy\" decoding=\"async\" src=\"http:\/\/edpack.com.br\/wp-content\/uploads\/2022\/05\/Logos-marcas-2-1024x576.jpg\" alt=\"\" class=\"wp-image-445\" width=\"648\" height=\"364\"\/><\/figure>\n<\/div>\n<\/div>\n<\/div><\/div>\n<\/div>\n<\/div>\n","protected":false},"excerpt":{"rendered":"","protected":false},"author":1,"featured_media":0,"parent":0,"menu_order":0,"comment_status":"closed","ping_status":"closed","template":"","meta":{"site-sidebar-layout":"no-sidebar","site-content-layout":"plain-container","ast-main-header-display":"","ast-hfb-above-header-display":"","ast-hfb-below-header-display":"","ast-hfb-mobile-header-display":"","site-post-title":"disabled","ast-breadcrumbs-content":"","ast-featured-img":"","footer-sml-layout":"","theme-transparent-header-meta":"enabled","adv-header-id-meta":"","stick-header-meta":"","header-above-stick-meta":"","header-main-stick-meta":"","header-below-stick-meta":"","footnotes":""},"class_list":["post-213","page","type-page","status-publish","hentry"],"_links":{"self":[{"href":"https:\/\/edpack.com.br\/index.php?rest_route=\/wp\/v2\/pages\/213","targetHints":{"allow":["GET"]}}],"collection":[{"href":"https:\/\/edpack.com.br\/index.php?rest_route=\/wp\/v2\/pages"}],"about":[{"href":"https:\/\/edpack.com.br\/index.php?rest_route=\/wp\/v2\/types\/page"}],"author":[{"embeddable":true,"href":"https:\/\/edpack.com.br\/index.php?rest_route=\/wp\/v2\/users\/1"}],"replies":[{"embeddable":true,"href":"https:\/\/edpack.com.br\/index.php?rest_route=%2Fwp%2Fv2%2Fcomments&post=213"}],"version-history":[{"count":52,"href":"https:\/\/edpack.com.br\/index.php?rest_route=\/wp\/v2\/pages\/213\/revisions"}],"predecessor-version":[{"id":501,"href":"https:\/\/edpack.com.br\/index.php?rest_route=\/wp\/v2\/pages\/213\/revisions\/501"}],"wp:attachment":[{"href":"https:\/\/edpack.com.br\/index.php?rest_route=%2Fwp%2Fv2%2Fmedia&parent=213"}],"curies":[{"name":"wp","href":"https:\/\/api.w.org\/{rel}","templated":true}]}}